 = 2*m**2 - 28. What are the prime factors of i(-7)?
2, 5, 7
Let z(s) = 3*s + 1. Let u(a) = a**2 - 8*a + 8. Let k be u(7). Let w be z(k). Suppose 39 = p + 4*p + w*j, -p + 5*j + 2 = 0. List the prime factors of p.
7
Suppose -5*h + 5*j + 50 = 0, -h + 10 = 3*h + 2*j. Suppose -h*c + c = -16. What are the prime factors of c?
2
Let m(u) be the third derivative of -3*u**4/8 + u**3/6 - 6*u**2. What are the prime factors of m(-3)?
2, 7
Let d be (3/2)/((-1)/(-30)). Let b = d - -15. Suppose 2*q - b = -3*q. List the prime factors of q.
2, 3
Let s(l) = -6*l. Let h be s(-2). Suppose 0 = 2*g + 6 - 46. Let p = g - h. List the prime factors of p.
2
Let k = -124 + 205. List the prime factors of k.
3
Let y(u) = -u**2 + 17*u - 8. Let t be y(10). Suppose -6*q = -4*q - 3*c - t, -3*q + 3*c + 87 = 0. List the prime factors of q.
5
Let n(m) = m**3 - 2*m**2 + 3*m + 1. Let t be n(3). Suppose 3*g = 64 - t. List the prime factors of g.
3, 5
Suppose k - p = 2*p + 3, -5*k = 4*p - 15. Let q = -9 - k. Let r = -7 - q. List the prime factors of r.
5
Suppose 0 = -12*c + 2001 - 105. List the prime factors of c.
2, 79
Let t = 21 + 168. What are the prime factors of t?
3, 7
Suppose 4*k - 150 = -k. List the prime factors of k.
2, 3, 5
Suppose 3*q = -q + 104. List the prime factors of q.
2, 13
Let n(o) = o**3 - 6*o**2 + 2. Let s be n(6). Let r(g) = 0*g - s - 2 - g. What are the prime factors of r(-7)?
3
Suppose -3*b + s = -9, -s - 4 = -5*b - 3*s. Let m(p) = -2*p**3 - 5*p**3 + 3*p**3 + 3 + p**b - 2 + 2*p. List the prime factors of m(-1).
2
What are the prime factors of 1/(2*(-4)/(-1544))?
193
Let t(x) be the second derivative of -x**4/12 - 11*x**3/6 - 11*x**2/2 + 9*x. List the prime factors of t(-9).
7
Suppose -k - 3*k - 28 = 0. Let w = -4 - k. What are the prime factors of w?
3
Suppose 0 = s + 3*s + 16, 0 = w + s + 11. Let h be (w - 2)*(-8)/6. Suppose -25 + h = -a. What are the prime factors of a?
13
Let f(z) = 0 - 6 + 40*z + 5 + 0. Let x be f(1). Let b = x - 28. List the prime factors of b.
11
Suppose 12 = 2*j + 2*j. Suppose -2*i = -j*x - 22, x - 17 = 3*x + i. Let v(n) = -n**2 - 10*n - 12. List the prime factors of v(x).
2
Let u = 128 - 77. What are the prime factors of u?
3, 17
Let q(a) = a**3 + a**2 - a + 2. Let f be q(-2). What are the prime factors of f - ((-2)/(-2) + -4)?
3
What are the prime factors of (140/3)/((-4)/(-12))?
2, 5, 7
Let l(m) be the third derivative of m**4/8 - m**3/2 - m**2. Suppose 6*s - s = 20. List the prime factors of l(s).
3
Let d = 45 - 24. List the prime factors of d.
3, 7
Suppose -28 = -0*w - 4*w. Suppose -3*n + w*n = 8. List the prime factors of n.
2
Suppose 2*h - 6 = -3*y + 8, 3*h - 2 = 5*y. Suppose 2*c = -7*t + 5*t + 64, y*t - 70 = c. What are the prime factors of t?
2, 17
Suppose -15*n + 363 = -4*n. What are the prime factors of n?
3, 11
Let y(s) = -s**2 + 10*s + 14. Let d be y(11). Suppose 0 = -3*n + 2*h + 35, -d*h + 19 = 5*n - 14. Let l = 17 - n. What are the prime factors of l?
2
List the prime factors of (-4 + -6)/(-5)*185.
2, 5, 37
Suppose o - r = 4, 5*r = 2*o - 12 + 1. Let a = 145 - 100. Suppose 8*w - a = o*w. What are the prime factors of w?
3
Let l(p) = p**3 - p**2 - 5*p - 6. List the prime factors of l(5).
3, 23
What are the prime factors of ((160/(-12))/4)/(3/(-90))?
2, 5
Suppose -4*t = -0*t - 8. Let u be (t/(-3))/(3/(-18)). Suppose 0 = 5*q - s + 1 - 22, s = u. List the prime factors of q.
5
Let f(r) be the first derivative of -5*r**3/3 - r**2/2 + 4*r + 3. Let c(x) be the first derivative of f(x). What are the prime factors of c(-1)?
3
Let a be 1/(-2) - 1/(-2). Suppose 5*l - 4*y = 44, 0 = -l - a*y + 3*y + 11. List the prime factors of l.
2
Let r be 4/(-18) - 508/(-18). Let b = r - 17. What are the prime factors of b?
11
Suppose -4*o = -4, -2*u - 3*u = o - 66. List the prime factors of u.
13
Let y be 2*(-12)/8 + 47. Let z(p) = 16*p + 2. Let i be z(-2). Let t = y + i. What are the prime factors of t?
2, 7
Let s be (-2 + 21 - 1) + -2. Suppose -4*k + 12 = 2*f - s, 5*k + 49 = f. What are the prime factors of f?
2, 3
What are the prime factors of 4 + 34 - (1 + 1)?
2, 3
Let d = -1 + 17. Suppose -k - 3*k = -d. Suppose -k*j + 19 = -5*y, 4*j - 3*j - y - 6 = 0. What are the prime factors of j?
11
Let a = -23 - -32. Suppose 3*x = 3*z - 8*z - 11, a = -2*x - 5*z. What are the prime factors of x*(2/4 + -2)?
3
Let c be (-8)/(-20) + (-27)/5. Let u = c - 6. Let v = u + 26. What are the prime factors of v?
3, 5
Let k(w) = w**3 + 3*w**2 - 5*w + 2. Let p be k(-4). Suppose 2*o + 76 = p*o. Suppose -5*t + 5*i = -31 - o, 2*t + 4*i - 20 = 0. What are the prime factors of t?
2, 5
Suppose -2*l - l = 12, v + 2*l - 106 = 0. List the prime factors of v.
2, 3, 19
Suppose 10*m = 9*m. Suppose g + 4*c + 5 = m, 4*g = -2*c + 32 + 4. What are the prime factors of g?
11
Suppose 5*f - 5*l - 610 = 0, 103 = 4*f - 5*l - 380. What are the prime factors of f?
127
Suppose -y + 37 = -95. What are the prime factors of y?
2, 3, 11
Let c = -37 + 76. List the prime factors of c.
3, 13
Suppose 0*l - 5*l - 15 = 0. Suppose 18 = -2*s - 4*p, s - 2*s - 9 = -5*p. List the prime factors of 2 - (-15)/(s/l).
7
Suppose -221 = -3*v + 496. What are the prime factors of v?
239
Suppose -4*w + 3 + 9 = 4*s, 3*w + 4*s - 7 = 0. Suppose -4*r - m = -25, 0*r - 31 = -w*r - m. List the prime factors of r.
2, 3
Suppose 4*z + 2 = -2. Let d be 1 + (-2)/z + -1. Suppose -4 = -d*n + n. List the prime factors of n.
2
Let y be 0/(-7)*1/2. Suppose y*v = 3*v - 63. List the prime factors of v.
3, 7
Let r(u) = u**3 - 7*u**2 + 7*u - 1. Let w be r(6). Let d = w - 2. Suppose -2*v = -4, 0*i + d*v = -i + 12. List the prime factors of i.
2, 3
Let v(r) = 9 + 3 - r - 4. Let q be 8/44 + 2/(-11). List the prime factors of v(q).
2
Let n be (0 - 1)/(2/(-42)). Let b be 10/3*126/30. List the prime factors of 4/b - (-57)/n.
3
Suppose z + z = 18. Suppose j - 46 = 51. List the prime factors of j/z + 8/36.
11
Let s(m) = -7*m - 4. List the prime factors of s(-8).
2, 13
Let h be 6/(-21) - (-4)/14. Let c = h - 0. Suppose -5*f + 10 = -c. List the prime factors of f.
2
Suppose 3*f + 9 = 6*f. Suppose f = h - 9. What are the prime factors of h?
2, 3
Let n(x) = 73*x + 6. What are the prime factors of n(2)?
2, 19
Suppose 4*i - 7*i + 126 = 0. What are the prime factors of i?
2, 3, 7
Suppose q + 0*q - 33 = 0. Suppose -5*s - 182 = -4*f - q, 3*f - 113 = 5*s. List the prime factors of f.
2, 3
Let b(k) = -k**2 + 12*k + 4. Let f be b(12). Let a = -15 + 9. Let v = f - a. What are the prime factors of v?
2, 5
Suppose u + 16 = 2*r + 3, -r - 21 = 2*u. Let g(v) = -2*v - 11. List the prime factors of g(u).
11
Let w(x) = -3*x - 2. Let l(d) = d**2 + 5*d + 2. Let a be l(-3). What are the prime factors of w(a)?
2, 5
Let n be -1 + 5/(5/(-3)). List the prime factors of ((-6)/n)/(6/16).
2
List the prime factors of 18/4*(8 - 2).
3
Let l(z) = z**3 - 7*z**2 - 9*z + 4. Let j be l(8). Let u(g) = g**2 + 5*g + 2. Let v be u(j). What are the prime factors of 7 - (-3 - (-2 - v))?
2, 5
Let z be (76/2)/(1/(-1)). Let h = z + 86. Suppose 3*u + h = 4*s + 6*u, 0 = 4*s - 2*u - 48. What are the prime factors of s?
2, 3
Suppose 7*g = 3*g + 700. Suppose r - g = -4*r. What are the prime factors of r?
5, 7
Let r be 0 + -25 - (5 + -3). List the prime factors of (-21)/((r/(-6))/(-3)).
2, 7
Let j(n) = -8*n + 39. List the prime factors of j(-15).
3, 53
Suppose -k + 4*k - 96 = 0. Let p be k + (3/(-3))/(-1). List the prime factors of (-2)/(-3*2/p).
11
Suppose -3*x = -5*b + 471, 0*x = -4*b - 2*x + 390. What are the prime factors of b?
2, 3
Let f(x) = -x**2 - 20*x + 46. List the prime factors of f(-19).
5, 13
Let o = -4 - -6. Suppose o*h = -h + 18. What are the prime factors of h?
2, 3
What are the prime factors of 5/((-5)/(-3)) - -3*3?
2, 3
Let b = 39 - 23. List the prime factors of b.
2
Let q = 3 - -1. Let a(b) = 2*b - 6. What are the prime factors of a(q)?
2
Let a(b) be the third derivative of -b**4/24 + 5*b**3/6 - 3*b**2. List the prime factors of a(-4).
3
List the prime factors of 26/(-39)*(-867)/2.
17
Suppose -2 = -3*s + 7. Let d = s + -1. List the prime factors of d.
2
Suppose -3*z - 4 = q, -q - 14 = -2*q + 3*z. Let d be (-304)/20 + 1/q. Let j = d - -27. What are the prime factors of j?
2, 3
Let h = 135 - 92. What are the prime factors of (-6)/(-9) + h/3?
3, 5
Let i(u) = u**3 - 4*u**2 + 